a = 12. Let z(p) be the second derivative of p**4/12 - p**3/6 - 86*p**2 - 220*p. Let y(b) be the first derivative of z(b). Give y(a).
5
Let p(y) = -y + 1. Let c(m) = 6*m - 2. Let t(r) = -c(r) - 2*p(r). Suppose -5*s = -3*s + 2. Let b be -1 + s - (0 - -3 - 0). What is t(b)?
20
Let n(d) = 31*d**3 + 4*d**2 - 15*d - 2. Let t(q) = -27*q**3 - 3*q**2 + 13*q + 2. Let h(l) = -5*n(l) - 6*t(l). What is h(-1)?
-8
Let i(f) = -f**3 + 6*f**2 + 2*f - 10. Let b = -739 + 741. Suppose 5*s + b*l - 32 = 0, 2*s + 2*l - 2 - 12 = 0. What is i(s)?
2
Suppose 2*f = -24*v + 27*v - 16, 10 = 4*v + 3*f. Let u(n) = -2*n**2 - 6*n - 5. Give u(v).
-61
Let h(y) = 3*y - 12. Let g(i) = i - 4. Let m = -155 + 152. Let c(p) = m*h(p) + 8*g(p). Suppose -2*r = 2*n + n + 5, r = -n - 1. Give c(n).
7
Let y(x) = -80*x**2 + 11*x - 3. Let r(s) = 44*s**2 - 6*s + 2. Let p(f) = -7*r(f) - 4*y(f). Calculate p(-2).
50
Let r be 204/(-17) + (-3 - -8 - 1). Let z(u) = u + 7. Let b(l) = -l - 7. Let y(g) = 2*b(g) + 3*z(g). Calculate y(r).
-1
Suppose -z - 200 = -4*f, -2*z + 3*z = 0. Let d = -50 + f. Let k(s) be the third derivative of s**6/120 - s**5/60 + 4*s**3/3 + 21*s**2. Determine k(d).
8
Let r be (-5 + ((-18)/6 - 28))*1. Let g(y) = -y**3 - 37*y**2 - 40*y - 150. Determine g(r).
-6
Let y be (-55 - -57)*(-1)/2. Let g(i) = -18*i - 6. Let s(v) = 19*v + 5. Let z(t) = -6*g(t) - 7*s(t). What is z(y)?
26
Let j be 1911/26*(-4)/(-3). Let o = j - 89. Suppose -p + 2*p = -o. Let a(r) = r**2 + 8*r - 7. Determine a(p).
2
Let k(w) be the third derivative of w**6/60 - w**5/30 - w**4/24 - w**3/3 - 1749*w**2. Determine k(4).
90
Let b(o) = -3*o**3 - 5*o**2 + 4*o - 2. Suppose 4*v + 0 = -4. Let k(r) = -r**3 + 1. Let a(q) = v*b(q) + 2*k(q). Let j = -23 + 17. Determine a(j).
-8
Let v = -535 - -920. Let u = v - 383. Let k(g) = 3*g**3 - 4*g**2 + g + 2. What is k(u)?
12
Let w(k) = 2*k + 10. Let i = 180 - 188. Calculate w(i).
-6
Suppose 6 = 3*n, n - 140 = -2*l - 0*n. Suppose -i + l - 7 = 0. Let m = i - 57. Let j(r) = -r**3 + 4*r**2 + 6*r. What is j(m)?
5
Let u(f) = f + 6. Suppose -w - 7 = 2*q, -5*q + 5 = -0*w - 2*w. Let c be ((-3)/2)/(q/(-2)). What is u(c)?
3
Let b(l) be the third derivative of -1/8*l**4 + 0*l - 1/60*l**5 - 1/6*l**3 + 0 + 64*l**2. Give b(-3).
-1
Let r(s) = -3*s**2 - 60*s + 9. Let u(t) = -t**2 + 2*t - 2. Let d(v) = r(v) + 3*u(v). What is d(-8)?
51
Suppose 10*u - 6*u - 100 = 0. Let n = 39 - u. Let z(o) = -7 - 1 + n - o - 5. Give z(-5).
6
Suppose -5*u + 5 = -5*w, 3*u + 4*w = -w + 19. Suppose -u*s + 2 - 8 = 0. Let j be 6 + -4 + -3 - s. Let o(v) = v**3 - v + 1. Determine o(j).
1
Let f(h) = -3*h + 13. Let s = 29871 - 29842. Determine f(s).
-74
Let r = 17 - 11. Suppose 16 = 3*t - 2*p, -21*p = 3*t - 16*p - 2. Let n(z) = 4*z**2 - 42 + 45 - z**3 - 3*z**2 + t*z**2 + 6*z. Determine n(r).
3
Let r(y) be the first derivative of -y**4/4 - 4*y**3/3 + 7*y**2/2 + 6*y - 842. Determine r(-5).
-4
Let f be -5*3*(-7 - 52/(-20)). Let z = f + -64. Let c(u) = -u - 8*u**2 + 8*u**z - u**3 + 9*u**2 + 4 + 4. Give c(9).
-1
Suppose 11*x = -9*x - 180. Let l be (x/4)/((-27)/180). Let f(z) = -z**2 + 15*z - 6. Calculate f(l).
-6
Let s(o) be the second derivative of 5*o**2/2 - 34*o - 2. Let a(w) = -w - 18. Let r(v) = -2*a(v) - 6*s(v). Let t(k) = k + 3. Let f be t(-7). Give r(f).
-2
Suppose -9*d + 7*d = -7*v - 95, -2*d = v - 23. Let o(j) be the third derivative of j**4/24 + 7*j**3/3 + 2*j**2. Give o(v).
5
Let z(x) = -2 + 2*x - 4 + 0*x. Let c be ((-37)/(-74))/((63/(-294))/((-24)/14)). Determine z(c).
2
Let s(y) = -24*y - 33*y + 105*y - 28*y - 10 - 23*y. Calculate s(-3).
-1
Let t(o) = -2*o - 1. Suppose 7*g = -49 + 196. Let j be (-14 + g)/(-1 + 0). What is t(j)?
13
Let o(v) = v**2 + 3*v + 1. Suppose -2*l - 6*p + 8 = -4*p, -p + 4 = -4*l. Let g = -36 - l. Let b = g - -34. Determine o(b).
-1
Let n(y) = -7*y + 179. Suppose -5*u = -3*p + 32, 337*p + 48 = 338*p + 3*u. Give n(p).
11
Let w(s) = -s**3 - 12*s**2 - 37*s - 23. Let d be w(-7). Let c(q) = 16*q + 18. Determine c(d).
-126
Let c = -449279/24 + 18720. Let m(t) be the third derivative of t**3 + c*t**4 + 0*t - 1/120*t**6 - 1/6*t**5 + 13*t**2 + 0. Determine m(-10).
-4
Let l(h) = -h + 17. Let g be l(14). Suppose 2*f + 5*a = -2*f + 11, -g*a = 3. Let x(k) = -k**2 - 4. Determine x(f).
-20
Let x(f) be the third derivative of f**6/120 + 13*f**5/30 - f**4/24 - 3*f**3/2 - 156*f**2 - f. Give x(-26).
17
Let o(r) = -r - 1. Let f(b) = b**3 - 4*b - 1. Let z be f(7). Suppose 12*v - z = -26. Let l be ((-4)/(-6))/(v/36). Give o(l).
-2
Let z(t) be the second derivative of 1/2*t**2 + 1/2*t**3 + 0 - 23*t. Let g be (0/(-1))/(-3) + 4. Give z(g).
13
Let d(x) be the third derivative of x**6/120 - x**5/12 - 19*x**4/24 + 11*x**3/6 - x**2 - 3633*x. Give d(7).
-24
Let m be 10/3*(-4794)/(-3995). Let y(f) be the third derivative of -1/2*f**3 - 1/12*f**4 + 0*f + 0 + m*f**2. Calculate y(-2).
1
Let d(j) = j**2 + 3*j - 1. Let g(b) = -b**3 + 2*b**2 + 2*b. Let n be g(-2). Let a(c) = -22*c + 45*c - 8*c - c**2 - c - 28. Let v be a(n). Calculate d(v).
3
Let c be 0 + 3 + 3 - -23. Let l(r) = 45 - 8 - c - 11 + 2*r. Calculate l(11).
19
Let n(a) be the second derivative of -a**4/6 + 11*a**3/3 - 17*a**2 + 21*a + 33. Determine n(9).
2
Let r(a) = -a**3 + 5*a**2 + 3*a - 6. Suppose 20 = -5*i, 4*n = -0*i - 5*i - 8. Suppose -n*o + 17 + 1 = 0. Suppose o*f - f = 2*v, 7 = v + f. What is r(v)?
9
Let l(r) = -3*r - 32. Let h = 6932 + -6940. Determine l(h).
-8
Let c(w) = -2*w**3 - 2*w**2 - 3. Let j(v) = -3*v**3 - v**2 - 7. Let f(s) = 5*c(s) - 3*j(s). Give f(-7).
6
Suppose 4*g + 1179 = 1191. Let h(q) be the first derivative of 3 - g*q - 4/3*q**3 - 2*q**2. Determine h(-2).
-11
Suppose -2*x + 4*b - 4 = 0, -812*x + 816*x - b = -15. Let y(k) = -3*k + 3 - 2*k**2 + 0*k + k**2. Determine y(x).
-1
Let t be 3*((-456)/(-18))/19. Let n(w) be the third derivative of 1/60*w**5 + 0 + 1/4*w**t + 0*w - 16*w**2 - 11/6*w**3. Give n(-8).
5
Let d(k) = -9*k**3 - 2*k**2 + 3*k - 8. Let c(b) = -40*b**3 - 6*b**2 + 14*b - 32. Let f(z) = 2*c(z) - 9*d(z). Calculate f(-5).
28
Let q(v) = 2*v - 11 - 12208*v**2 + 15 + 12198*v**2. Determine q(1).
-4
Let t(m) be the third derivative of 5*m**4/12 - m**3/6 + 657*m**2. What is t(-4)?
-41
Let b(q) = 14*q**3 - 7*q**2 + 16*q + 13. Let t(g) = 4*g**3 - 2*g**2 + 5*g + 4. Let h(z) = -3*b(z) + 10*t(z). Calculate h(-1).
2
Let m(q) = 1056*q**2 + 7*q + 1050*q**2 + 1049*q**2 - 3156*q**2 - 10. Calculate m(13).
-88
Let p(w) be the third derivative of w**9/60480 + w**7/5040 + w**6/240 + w**5/60 - 4*w**2 - 6*w. Let u(s) be the third derivative of p(s). Give u(0).
3
Let s be (-7)/(-2)*2 + 1. Let p = 577 + -574. Let x(u) = 3 - 23*u**2 - 13*u**2 + 44*u**2 - u**p - u. Determine x(s).
-5
Let n(m) = -m**2 + m - 4. Let h(v) = v + 4. Let f be h(3). Suppose 0 = 6*j + f*j - 52. Determine n(j).
-16
Let q(m) = m**3 - 2*m**2 - m - 4. Suppose 21 = h + 18. Let n be q(h). Let u(t) = -5*t**2 - 9*t + 6*t**n + 5*t. What is u(3)?
-3
Let k = -34 - -55. Let j(m) be the third derivative of -m**6/120 + m**5/3 + 11*m**4/12 - 23*m**3/6 + 6005*m**2. What is j(k)?
-2
Let u = -133 - -131. Let o be 7/35*(u + 2). Let z(i) = i**3 + i**2 - 1. Give z(o).
-1
Let j(c) = -3*c - 2*c - 6*c**3 + 2*c - 8 - c**2 - 3*c**2 + 3*c**2. Let l(d) = -7*d**3 - d**2 - 3*d - 9. Let p(r) = -6*j(r) + 5*l(r). Determine p(-2).
-7
Suppose -o + 47 = 4*t, -2*o - 5*t + 10*t - 10 = 0. Let k(x) = x**3 - 18*x**2 + 47*x - 12. What is k(o)?
18
Let m be (-198)/1584*(8 - 0). Let f(p) = -73*p**3 - p**2. Calculate f(m).
72
Let l(j) be the second derivative of -j**5/20 + 2*j**4/3 - 11*j**3/6 - 9*j**2/2 + 160*j + 4. Let p = -32 + 38. Determine l(p).
-3
Let g be 2*(7 + 33)/8. Let l(t) = -856*t**2 - g - 9*t - 850*t**2 + 1705*t**2 + t. Give l(-8).
-10
Let m(f) be the first derivative of f**3/3 - 3*f**2/2 - 9*f + 2429. Give m(12).
99
Let f(v) be the second derivative of -v**5/20 - 7*v**4/3 - 4*v**3 + 45*v**2 + 466*v - 8. Calculate f(-27).
9
Let t be 10*(60/(-104) + 12/156). Let b(c) = -c**3 - 5*c**2 + 9. What is b(t)?
9
Let h be -2*6*(-1)/3. Let u be 1*h*(-3 + 4). Let d(l) be the third derivative of l**5/60 - 5*l**4/24 + l**3/2 - 193*l**2 - l. What is d(u)?
-1
Let t(o) be the second derivative of -23*o**3/6 - 77*o**2/2 - 108*o. Let m be t(-4). Let i(y) = -y**3 + 16*y**2 - 17*y + 24. Give i(m).
-6
Suppose 5*u = i + 10, 44*i - 39*i - 28 =